git of a?
2
Let n(w) = 275*w**2 + 6*w - 5. What is the thousands digit of n(4)?
4
Let z(y) = 14 + 160 + 72 + 17 - 3*y. What is the units digit of z(0)?
3
What is the units digit of 4/(-14) + 72140/140?
5
Suppose -4*g + 4*c = -33 - 7843, 16 = 4*c. What is the hundreds digit of g?
9
Suppose 0*a - 3 = a + 3*t, -2*a + 3*t + 3 = 0. Suppose a = -3*h - 2 + 8. What is the tens digit of 31 - 1/(1 - h)?
3
Suppose v + m = -13, 5*v + 24 = 3*v - 3*m. Let b = -16 - v. What is the units digit of (b/4)/(3/(-84))?
7
Suppose -2*v - 51 = -5*f - 16, -3*v - 15 = 0. Suppose 32 - 186 = -3*h - g, -253 = -f*h + 2*g. Suppose 0 = -3*n + 27 + h. What is the tens digit of n?
2
Let s be -2 - 2/2*-12. Let l = 9 - s. What is the units digit of (0 + 0 + -1)*l?
1
Let x be 78/15 + 2/(-10). Let z = -12 - -22. Suppose -x*l - z = -5*h, 5*h = 4*l - l + 8. What is the units digit of h?
1
Let c(l) = -9*l + 8. Let u(r) = -8*r + 9. Let o(t) = 5*c(t) - 4*u(t). What is the units digit of o(-1)?
7
Let x(d) = 31*d**2 + 26*d + 4. What is the thousands digit of x(8)?
2
Let f(h) = -9 + 12 + 5 - 2*h. Let m be f(3). Suppose m*l - 110 = -3*l. What is the units digit of l?
2
Let i(d) = 8*d**3 - 7*d**2 - 11*d - 3. What is the hundreds digit of i(6)?
4
Suppose -13*t = -1055 - 89. What is the units digit of t?
8
Let m(k) = -k + 73. Let c be m(0). Let z = c + -44. What is the tens digit of z?
2
Let r(k) = k**3 - 4*k**2 + 4. Let s be r(3). Let b be (0 + s)/(-4 - -5). Let d(a) = -4*a - 4. What is the units digit of d(b)?
6
Let q = -367 - -630. Suppose -k + q = -4*u, -u = -2*k - 6*u + 487. What is the tens digit of k?
5
Let k(y) = -25*y - 5. Let c be k(-5). Let d be 0 + (-2)/3 - (-30)/45. Suppose d = 5*o + q - 102, -7*o = -2*o - 5*q - c. What is the tens digit of o?
2
Let h(y) = -6*y - 1. Let f be h(9). What is the units digit of 2106/33 + (-10)/f?
4
Suppose 27*d - 32*d - 340 = -k, -5*d = -5*k + 1760. What is the units digit of k?
5
Let d(k) = 2*k - 4. Let f(r) be the first derivative of -r**2/2 - r + 5. Let g(t) = -d(t) + 5*f(t). What is the tens digit of g(-2)?
1
Suppose -a = -i + 3*i + 9, 0 = 3*i - 5*a - 19. What is the units digit of (-20)/(-15)*(-33)/i?
2
Suppose 3*r = 58 + 80. Let x = 104 - r. What is the units digit of x?
8
Let y be ((-4)/(-4) + -7)*1. What is the hundreds digit of (-8 - y)*(495/(-6) - 2)?
1
Suppose 261 = 4*q + 5*c, 3*q + q + c - 241 = 0. Suppose -h - 2*f + 62 = 0, 2*h - 59 - q = -f. What is the units digit of h?
8
Let p be (-5)/2*(-28)/35. Let k(c) = 2*c**3 - c**2 + c. Let x be k(1). Suppose p*d = -3*n + 62, 4*d = x*n - 0*n - 68. What is the tens digit of n?
2
Let n be (-2)/(2 - 12/5). Suppose n*b - 11104 = 2*z, 2*b = 3*b + z - 2218. What is the tens digit of b/54 - 1/9?
4
Let r be 5/(2/(5 + -3)). Suppose 3*k - 16 = -r*w - k, 20 = -3*w + 5*k. Suppose w = 4*g - 4*m - 128, -3*m + 2*m - 119 = -4*g. What is the units digit of g?
9
Let l = -3581 + 5688. What is the hundreds digit of l?
1
Suppose -5*i + 17*k - 15*k = -1701, 2*i - 675 = -k. What is the tens digit of i?
3
Let f(a) = a - 2. Let w(r) = -r + 2. Let j be w(-4). Let p be f(j). Suppose -5*v - 2*d + 124 = 0, -88 = -4*v - 0*d + p*d. What is the tens digit of v?
2
Suppose -2*r = -3*l - 0*r + 6, 2*r = 4*l - 8. Suppose -l = j - 1. What is the units digit of 7/(4 - (2 - j))?
7
Let u be 6/(-27) + 128/(-72). What is the tens digit of (20/(-2))/(u/19)?
9
Suppose 111 = 4*n - 121. Suppose -2*g - 146 = -n. Let a = 63 + g. What is the tens digit of a?
1
Let b = 353 - -64. What is the tens digit of b?
1
Let g(u) = u**3 + 12*u**2 + 24*u + 19. Let f(k) = -k**2 + 3*k - 9. Let z be f(3). What is the tens digit of g(z)?
4
Let c(r) = -r**3 + 5*r**2 + 8*r - 10. Let p(t) = t - 3. Let a be p(9). Let f be c(a). Suppose -6*x = -f*x - 160. What is the units digit of x?
0
Let d(z) = 70*z**2 + 77*z - 330. What is the units digit of d(4)?
8
Let u = 422 + -150. What is the hundreds digit of u?
2
Suppose -3*z - 2*b = 354, b + 4*b - 375 = 3*z. Let l be ((-171)/4)/(45/z). Suppose t + 2*t - l = 0. What is the units digit of t?
8
Let h(o) = 92*o**2 + 2*o - 2. Let m be h(1). Let x = m - 7. What is the units digit of x?
5
Let p be (-5 + 15)/((-1)/(-4)). Suppose -2*k + 102 + p = 0. What is the units digit of k?
1
Suppose 84 = 3*m - 33. Let b = m + -23. What is the tens digit of b?
1
Let p = -175 + 266. What is the units digit of p?
1
Let y = 2385 - -248. What is the units digit of y?
3
Let j(a) = 2*a + 3. Let y(p) = -p**2 - 8*p - 3. Let r be y(-6). Let m be (r/15)/((-1)/(-10)). What is the tens digit of j(m)?
1
Let n(a) = a**3 - 8*a**2 - 6*a + 17. Let p be n(8). Let l = 33 + p. What is the units digit of l?
2
Let c = 5 + 0. Suppose -r - 8 = -c. What is the units digit of (r + 4)/(1/7)?
7
Suppose 0*s + 4*i = 2*s + 26, -3*s = 5*i + 50. Let h be 24/s*10/(-4). Suppose -4*w + 110 = 2*j, 4*w - 36 = -h*j + 72. What is the tens digit of w?
2
Suppose 0 = 2*z - 0*z. What is the units digit of z/4 - (-80 - -2)?
8
Let u(v) = -4 - 3*v + 6*v**2 + 10*v - v**3 - 6*v. Let g be (-1 - -7) + (-3 - -3). What is the units digit of u(g)?
2
Let h = 7104 + -4622. What is the tens digit of h?
8
Suppose v = 3*v - 8. Suppose -3*z = -u + 22, v*u - 5*z = -0*z + 53. Suppose -117 = -3*n - 4*x, n - 2*x + u*x = 28. What is the units digit of n?
3
Suppose 26*n - 1476 = 20*n. What is the tens digit of n?
4
Let b = -24 - -24. Let o = b - -11. What is the units digit of o?
1
Let z(d) = 2*d**3 + d**2 + 2*d - 2. Let p be z(2). Suppose -v = -p - 2. Let l = -13 + v. What is the tens digit of l?
1
Suppose 2*p + p - 6558 = -3*m, -4*p - 3*m = -8746. What is the tens digit of p?
8
Suppose 0 = -8*t + 2543 + 14737. What is the tens digit of t?
6
What is the units digit of (-897 + -21)*18/(-4)?
1
Suppose f + 7*q - 18 = 2*q, 10 = f + 3*q. Let h(y) = -178*y - 30. Let v be h(-5). What is the units digit of v/24 + f/(-12)?
6
Let f(w) be the first derivative of 4*w**3/3 - w**2/2 - w + 2. Let v(l) = -3*l - 19. Let q be v(-7). What is the units digit of f(q)?
3
Let y be -2*((-4)/8 - -1). Let x be ((-64)/(-6))/(y/(-3)). Suppose -4*s = x - 176. What is the units digit of s?
6
Let f = 31 - 28. What is the tens digit of 175/f - 1/3?
5
Let a(l) be the third derivative of -2*l**4/3 + 11*l**3/2 - 23*l**2. What is the tens digit of a(-7)?
4
Let z be 11 + -2 + 1 + -3. Let n be (9/(-2))/(27/(-36)). Suppose 3*p - z = -r, -n*p + 35 = 3*r - 4*p. What is the tens digit of r?
1
Suppose 0 = 2*v + 2 - 8. Let z be 7 + (v + -4)*1. What is the units digit of z/15 + (-56)/(-10)?
6
Let z = -52 + -145. Let m = 277 + z. What is the tens digit of m?
8
Let a(q) = q**2 - 11*q**3 - 10 + 10*q**3 + 11*q + q + 0. What is the hundreds digit of a(-6)?
1
Suppose r - j = -5*j + 612, -5*j + 1233 = 2*r. Suppose 14*u - 10*u = r. What is the hundreds digit of u?
1
Let h = 13 + -8. Suppose -i + b = -130, h*i - 2*b = -0*b + 647. What is the units digit of i?
9
Suppose 11*w + 70815 = 26*w. What is the tens digit of w?
2
Suppose 3*m - 110 = 2*z, -2*m + 7*z = 4*z - 65. What is the tens digit of m?
4
Let t = -1060 - -3085. What is the thousands digit of t?
2
Suppose 4*t + 533 = 3*z + 1682, -2*t + 564 = 2*z. What is the hundreds digit of t?
2
Suppose 33*r = 42*r - 44613. What is the thousands digit of r?
4
Suppose 4*w - 24048 = -12*w. What is the hundreds digit of w?
5
Let p(s) = 2*s**3 - 2*s**2. Suppose 4*n = 4*z - 28, -6*n - 18 = -2*z - 3*n. Suppose z = 3*g, 3 = -5*d + 4*g + 9. What is the units digit of p(d)?
8
Suppose -p = 3*p + 3*s - 6, -4*s = p + 5. Let k = 1 - p. What is the tens digit of 106/(4 + -2) + k?
5
What is the hundreds digit of 238336/228 - (4/(-6) + 0)?
0
Suppose r - 24 + 4 = 0. What is the units digit of 7*-2*(-30)/r?
1
Suppose 548 = 4*d - 3*r, -3*r + 524 = 4*d - 0*d. What is the units digit of d?
4
Let y(v) = -v - 2. Let m be y(-4). Suppose m*f + 36 = -4*s, 3*s - 4*f - 3 + 8 = 0. Let l = s - -18. What is the tens digit of l?
1
What is the hundreds digit of (1240/(-12) + 5)/((-2)/6)?
2
Let a(m) = m**3 - 4*m**2 - 6*m - 2. What is the tens digit of a(9)?
4
Let i(o) = o**2 + 6*o + 4. Let y(r) = -r**3 - 4*r**2 + 5*r - 4. Let k be y(-5). Let h be i(k). What is the units digit of (2 - h - -2)*1?
8
Suppose -l - 245 = -6*l. Suppose 74 = k + 4*m, 3*k = 4*k - m - l. What is the units digit of k?
4
Suppose o - 3*o - 8 = -4*t, -5*t + 5*o + 10 = 0. Let